{"id":1459,"date":"2016-03-31T12:24:10","date_gmt":"2016-03-31T15:24:10","guid":{"rendered":"http:\/\/70.32.89.222\/lasveletas\/en\/?page_id=1459"},"modified":"2019-08-27T16:57:54","modified_gmt":"2019-08-27T19:57:54","slug":"vineyards","status":"publish","type":"page","link":"https:\/\/web2025.lasveletas.cl\/en\/vineyards\/","title":{"rendered":"Vineyards"},"content":{"rendered":"<p><div class=\"fusion-fullwidth fullwidth-box fusion-builder-row-1 fusion-parallax-fixed nonhundred-percent-fullwidth non-hundred-percent-height-scrolling\" style=\"--awb-background-position:center;--awb-border-color:#ffffff;--awb-border-radius-top-left:0px;--awb-border-radius-top-right:0px;--awb-border-radius-bottom-right:0px;--awb-border-radius-bottom-left:0px;--awb-padding-top:0px;--awb-padding-bottom:120px;--awb-background-image:url(&quot;http:\/\/www.lasveletas.cl\/wp-content\/uploads\/2016\/03\/FONDO-NUESTROS-VINEDOS.jpg&quot;);--awb-background-size:cover;--awb-border-sizes-top:0px;--awb-border-sizes-bottom:0px;--awb-flex-wrap:wrap;background-attachment:fixed;\" ><div class=\"fusion-builder-row fusion-row\">\n<div class=\"fusion-layout-column fusion_builder_column fusion-builder-column-0 fusion_builder_column_1_3 1_3 fusion-one-third fusion-column-first\" style=\"--awb-bg-size:cover;width:33.333333333333%;width:calc(33.333333333333% - ( ( 4% ) * 0.33333333333333 ) );margin-right: 4%;\"><div class=\"fusion-column-wrapper fusion-flex-column-wrapper-legacy\">\n<div class=\"fusion-sep-clear\"><\/div><div class=\"fusion-separator fusion-full-width-sep\" style=\"margin-left: auto;margin-right: auto;margin-top:100px;margin-bottom:100px;width:100%;\"><\/div><div class=\"fusion-sep-clear\"><\/div>\n<h1 style=\"text-align: center; font-size: 50px !important;\"><span style=\"color: #ffffff;\">Our vineyards<div class=\"fusion-sep-clear\"><\/div><div class=\"fusion-separator fusion-full-width-sep\" style=\"margin-left: auto;margin-right: auto;margin-top:0px;margin-bottom:70px;width:100%;\"><\/div><div class=\"fusion-sep-clear\"><\/div><\/span><\/h1>\n<div class=\"fusion-clearfix\"><\/div><\/div><\/div><\/div><\/div><br \/>\n<div class=\"fusion-fullwidth fullwidth-box fusion-builder-row-2 nonhundred-percent-fullwidth non-hundred-percent-height-scrolling\" style=\"--awb-background-position:top left;--awb-border-color:#e5e4e4;--awb-border-radius-top-left:0px;--awb-border-radius-top-right:0px;--awb-border-radius-bottom-right:0px;--awb-border-radius-bottom-left:0px;--awb-padding-top:0px;--awb-padding-bottom:0px;--awb-background-color:#ffffff;--awb-border-sizes-top:0px;--awb-border-sizes-bottom:0px;--awb-flex-wrap:wrap;\" ><div class=\"fusion-builder-row fusion-row\">\n<h1 style=\"text-align: center; font-size: 50px !important; color: #fff !important;\"><\/h1>\n<div class=\"fusion-layout-column fusion_builder_column fusion-builder-column-1 fusion_builder_column_1_2 1_2 fusion-one-half fusion-column-first\" style=\"--awb-bg-size:cover;width:48%; margin-right: 4%;\"><div class=\"fusion-column-wrapper fusion-flex-column-wrapper-legacy\">\n<p><strong>Vineyard<\/strong><\/p>\n<p>Protected denomination of origin: San Javier, maule valley.<br \/>\nLocation: Alquihue, San Javier, on the southwestern of maule valley.<br \/>\nOwners\/partners: Ra\u00fal Dell\u2019Oro y Rafael Tirado<br \/>\nEnologist: Rafael Tirado<\/p>\n<p><strong>Location<\/strong><\/p>\n<p>It\u2019s located on the Alquihue, San Javier area, traditional area of vine cultivation, on dry ground on which technology has played a fundamental role in order to develop small vines on the driest areas.<\/p>\n<p><strong>Stocks<\/strong><\/p>\n<p>Our vineyards are characterized by yielding different red varieties such as Cabernet Sauvignon, Cabernet Franc, Pa\u00eds, Petit Verdot, Carmen\u00e8re, Grenache, Mourv\u00e8dre and Carignan.<div class=\"fusion-clearfix\"><\/div><\/div><\/div>\n<div class=\"fusion-layout-column fusion_builder_column fusion-builder-column-2 fusion_builder_column_1_2 1_2 fusion-one-half fusion-column-last\" style=\"--awb-bg-size:cover;width:48%;\"><div class=\"fusion-column-wrapper fusion-flex-column-wrapper-legacy\">\n<p><strong>Climate and Ground<\/strong><\/p>\n<p>The climate that prevails around the vineyards is a typical dry mediterranean climate during the ripening season, with chilly wind from the Pacific Ocean, which cools down the evenings. The ground is granitic and clayey with low content of organic matter.<\/p>\n<p><strong>Fermentation<\/strong><\/p>\n<p>As regards production, our different types of wine start their fermentation stage in stainless steel containers and wooden casks. In total, 100 french-origin casks with 225 litter capacity, stored in an underground cellar, which allows us to store the wines for the exact time in order to obtain a final product with a few production units but of such quality that it gives people something to talk about, about us, about Las Veletas.<div class=\"fusion-clearfix\"><\/div><\/div><\/div>\n<\/div><\/div><\/p>\n","protected":false},"excerpt":{"rendered":"","protected":false},"author":1,"featured_media":0,"parent":0,"menu_order":0,"comment_status":"closed","ping_status":"closed","template":"100-width.php","meta":{"footnotes":""},"class_list":["post-1459","page","type-page","status-publish","hentry"],"_links":{"self":[{"href":"https:\/\/web2025.lasveletas.cl\/en\/wp-json\/wp\/v2\/pages\/1459","targetHints":{"allow":["GET"]}}],"collection":[{"href":"https:\/\/web2025.lasveletas.cl\/en\/wp-json\/wp\/v2\/pages"}],"about":[{"href":"https:\/\/web2025.lasveletas.cl\/en\/wp-json\/wp\/v2\/types\/page"}],"author":[{"embeddable":true,"href":"https:\/\/web2025.lasveletas.cl\/en\/wp-json\/wp\/v2\/users\/1"}],"replies":[{"embeddable":true,"href":"https:\/\/web2025.lasveletas.cl\/en\/wp-json\/wp\/v2\/comments?post=1459"}],"version-history":[{"count":9,"href":"https:\/\/web2025.lasveletas.cl\/en\/wp-json\/wp\/v2\/pages\/1459\/revisions"}],"predecessor-version":[{"id":2522,"href":"https:\/\/web2025.lasveletas.cl\/en\/wp-json\/wp\/v2\/pages\/1459\/revisions\/2522"}],"wp:attachment":[{"href":"https:\/\/web2025.lasveletas.cl\/en\/wp-json\/wp\/v2\/media?parent=1459"}],"curies":[{"name":"wp","href":"https:\/\/api.w.org\/{rel}","templated":true}]}}

<p><div class="fusion-fullwidth fullwidth-box fusion-builder-row-1 fusion-parallax-fixed nonhundred-percent-fullwidth non-hundred-percent-height-scrolling" style="--awb-background-position:center;--awb-border-color:#ffffff;--awb-border-radius-top-left:0px;--awb-border-radius-top-right:0px;--awb-border-radius-bottom-right:0px;--awb-border-radius-bottom-left:0px;--awb-padding-top:0px;--awb-padding-bottom:120px;--awb-background-image:url(&quot;http://www.lasveletas.cl/wp-content/uploads/2016/03/FONDO-NUESTROS-VINEDOS.jpg&quot;);--awb-background-size:cover;--awb-border-sizes-top:0px;--awb-border-sizes-bottom:0px;--awb-flex-wrap:wrap;background-attachment:fixed;" ><div class="fusion-builder-row fusion-row">
<div class="fusion-layout-column fusion_builder_column fusion-builder-column-0 fusion_builder_column_1_3 1_3 fusion-one-third fusion-column-first" style="--awb-bg-size:cover;width:33.333333333333%;width:calc(33.333333333333% - ( ( 4% ) * 0.33333333333333 ) );margin-right: 4%;"><div class="fusion-column-wrapper fusion-flex-column-wrapper-legacy">
<div class="fusion-sep-clear"></div><div class="fusion-separator fusion-full-width-sep" style="margin-left: auto;margin-right: auto;margin-top:100px;margin-bottom:100px;width:100%;"></div><div class="fusion-sep-clear"></div>
<h1 style="text-align: center; font-size: 50px !important;"><span style="color: #ffffff;">Our vineyards<div class="fusion-sep-clear"></div><div class="fusion-separator fusion-full-width-sep" style="margin-left: auto;margin-right: auto;margin-top:0px;margin-bottom:70px;width:100%;"></div><div class="fusion-sep-clear"></div></span></h1>
<div class="fusion-clearfix"></div></div></div></div></div><br />
<div class="fusion-fullwidth fullwidth-box fusion-builder-row-2 nonhundred-percent-fullwidth non-hundred-percent-height-scrolling" style="--awb-background-position:top left;--awb-border-color:#e5e4e4;--awb-border-radius-top-left:0px;--awb-border-radius-top-right:0px;--awb-border-radius-bottom-right:0px;--awb-border-radius-bottom-left:0px;--awb-padding-top:0px;--awb-padding-bottom:0px;--awb-background-color:#ffffff;--awb-border-sizes-top:0px;--awb-border-sizes-bottom:0px;--awb-flex-wrap:wrap;" ><div class="fusion-builder-row fusion-row">
<h1 style="text-align: center; font-size: 50px !important; color: #fff !important;"></h1>
<div class="fusion-layout-column fusion_builder_column fusion-builder-column-1 fusion_builder_column_1_2 1_2 fusion-one-half fusion-column-first" style="--awb-bg-size:cover;width:48%; margin-right: 4%;"><div class="fusion-column-wrapper fusion-flex-column-wrapper-legacy">
<p><strong>Vineyard</strong></p>
<p>Protected denomination of origin: San Javier, maule valley.<br />
Location: Alquihue, San Javier, on the southwestern of maule valley.<br />
Owners/partners: Raúl Dell’Oro y Rafael Tirado<br />
Enologist: Rafael Tirado</p>
<p><strong>Location</strong></p>
<p>It’s located on the Alquihue, San Javier area, traditional area of vine cultivation, on dry ground on which technology has played a fundamental role in order to develop small vines on the driest areas.</p>
<p><strong>Stocks</strong></p>
<p>Our vineyards are characterized by yielding different red varieties such as Cabernet Sauvignon, Cabernet Franc, País, Petit Verdot, Carmenère, Grenache, Mourvèdre and Carignan.<div class="fusion-clearfix"></div></div></div>
<div class="fusion-layout-column fusion_builder_column fusion-builder-column-2 fusion_builder_column_1_2 1_2 fusion-one-half fusion-column-last" style="--awb-bg-size:cover;width:48%;"><div class="fusion-column-wrapper fusion-flex-column-wrapper-legacy">
<p><strong>Climate and Ground</strong></p>
<p>The climate that prevails around the vineyards is a typical dry mediterranean climate during the ripening season, with chilly wind from the Pacific Ocean, which cools down the evenings. The ground is granitic and clayey with low content of organic matter.</p>
<p><strong>Fermentation</strong></p>
<p>As regards production, our different types of wine start their fermentation stage in stainless steel containers and wooden casks. In total, 100 french-origin casks with 225 litter capacity, stored in an underground cellar, which allows us to store the wines for the exact time in order to obtain a final product with a few production units but of such quality that it gives people something to talk about, about us, about Las Veletas.<div class="fusion-clearfix"></div></div></div>
</div></div></p>
